hat is the remainder when 92 is divided by 32?
28
Calculate the remainder when 186 is divided by 62.
0
Calculate the remainder when 4624 is divided by 52.
48
What is the remainder when 397 is divided by 40?
37
Calculate the remainder when 66 is divided by 12.
6
Calculate the remainder when 388 is divided by 14.
10
What is the remainder when 30111 is divided by 18?
15
Calculate the remainder when 399 is divided by 84.
63
Calculate the remainder when 102 is divided by 35.
32
What is the remainder when 32 is divided by 19?
13
Calculate the remainder when 7300 is divided by 18.
10
What is the remainder when 550 is divided by 43?
34
Calculate the remainder when 21 is divided by 6.
3
Calculate the remainder when 765 is divided by 8.
5
What is the remainder when 4260 is divided by 41?
37
Calculate the remainder when 1323 is divided by 434.
21
What is the remainder when 1638 is divided by 82?
80
What is the remainder when 128 is divided by 13?
11
Calculate the remainder when 57 is divided by 12.
9
Calculate the remainder when 9441 is divided by 12.
9
Calculate the remainder when 144 is divided by 30.
24
Calculate the remainder when 524 is divided by 28.
20
Calculate the remainder when 38 is divided by 4.
2
Calculate the remainder when 497 is divided by 72.
65
What is the remainder when 460 is divided by 170?
120
What is the remainder when 4243 is divided by 35?
8
What is the remainder when 102 is divided by 11?
3
What is the remainder when 836 is divided by 84?
80
What is the remainder when 260 is divided by 14?
8
Calculate the remainder when 426 is divided by 106.
2
Calculate the remainder when 12 is divided by 9.
3
What is the remainder when 1070 is divided by 59?
8
Calculate the remainder when 102 is divided by 25.
2
Calculate the remainder when 2592 is divided by 3.
0
What is the remainder when 115 is divided by 35?
10
Calculate the remainder when 401 is divided by 365.
36
Calculate the remainder when 22 is divided by 19.
3
What is the remainder when 286 is divided by 28?
6
What is the remainder when 868 is divided by 29?
27
What is the remainder when 402 is divided by 29?
25
What is the remainder when 263 is divided by 11?
10
What is the remainder when 2011 is divided by 21?
16
Calculate the remainder when 874 is divided by 398.
78
Calculate the remainder when 104 is divided by 10.
4
Calculate the remainder when 577 is divided by 49.
38
Calculate the remainder when 2044 is divided by 93.
91
What is the remainder when 658 is divided by 165?
163
Calculate the remainder when 92 is divided by 60.
32
What is the remainder when 29 is divided by 3?
2
Calculate the remainder when 200 is divided by 59.
23
Calculate the remainder when 358 is divided by 156.
46
What is the remainder when 134 is divided by 28?
22
Calculate the remainder when 91 is divided by 48.
43
Calculate the remainder when 2176 is divided by 28.
20
What is the remainder when 131 is divided by 28?
19
What is the remainder when 3919 is divided by 49?
48
Calculate the remainder when 177 is divided by 15.
12
What is the remainder when 6021 is divided by 13?
2
What is the remainder when 6635 is divided by 21?
20
What is the remainder when 960 is divided by 9?
6
Calculate the remainder when 988 is divided by 109.
7
Calculate the remainder when 8491 is divided by 137.
134
Calculate the remainder when 204 is divided by 28.
8
Calculate the remainder when 492 is divided by 156.
24
Calculate the remainder when 1102 is divided by 85.
82
Calculate the remainder when 772 is divided by 280.
212
What is the remainder when 100 is divided by 3?
1
Calculate the remainder when 31 is divided by 17.
14
What is the remainder when 9313 is divided by 274?
271
Calculate the remainder when 367 is divided by 92.
91
Calculate the remainder when 1129 is divided by 81.
76
Calculate the remainder when 120 is divided by 41.
38
What is the remainder when 321 is divided by 41?
34
What is the remainder when 1441 is divided by 54?
37
What is the remainder when 2229 is divided by 93?
90
Calculate the remainder when 2255 is divided by 113.
108
What is the remainder when 2256 is divided by 2254?
2
What is the remainder when 184 is divided by 50?
34
Calculate the remainder when 1269 is divided by 127.
126
Calculate the remainder when 188 is divided by 103.
85
Calculate the remainder when 506 is divided by 136.
98
What is the remainder when 281 is divided by 8?
1
Calculate the remainder when 936 is divided by 219.
60
Calculate the remainder when 1685 is divided by 538.
71
What is the remainder when 255 is divided by 59?
19
What is the remainder when 163 is divided by 61?
41
Calculate the remainder when 599 is divided by 69.
47
Calculate the remainder when 759 is divided by 28.
3
Calculate the remainder when 8780 is divided by 35.
30
What is the remainder when 1393 is divided by 41?
40
What is the remainder when 140 is divided by 1?
0
Calculate the remainder when 6784 is divided by 24.
16
Calculate the remainder when 377 is divided by 186.
5
Calculate the remainder when 9303 is divided by 266.
259
What is the remainder when 298 is divided by 75?
73
Calculate the remainder when 88 is divided by 34.
20
What is the remainder when 170 is divided by 9?
8
What is the remainder when 273 is divided by 88?
9
Calculate the remainder when 866 is divided by 70.
26
What is the remainder when 1355 is divided by 35?
25
What is the remainder when 1987 is divided by 51?
49
What is the remainder when 3168 is divided by 52?
48
What is the remainder when 222 is divided by 43?
7
What is the remainder when 445 is divided by 18?
13
Calculate the remainder when 104 is divided by 40.
24
What is the remainder when 72621 is divided by 267?
264
Calculate the remainder when 27 is divided by 8.
3
Calculate the remainder when 311 is divided by 35.
31
What is the remainder when 1918 is divided by 57?
37
Calculate the remainder when 9100 is divided by 3032.
4
Calculate the remainder when 39 is divided by 10.
9
Calculate the remainder when 794 is divided by 382.
30
What is the remainder when 3759 is divided by 19?
16
What is the remainder when 189 is divided by 49?
42
Calculate the remainder when 133 is divided by 8.
5
What is the remainder when 450 is divided by 221?
8
What is the remainder when 587 is divided by 6?
5
Calculate the remainder when 17 is divided by 8.
1
What is the remainder when 509 is divided by 117?
41
What is the remainder when 239 is divided by 11?
8
Calculate the remainder when 155 is divided by 59.
37
Calculate the remainder when 263 is divided by 19.
16
Calculate the remainder when 121 is divided by 43.
35
What is the remainder when 218 is divided by 7?
1
What is the remainder when 318 is divided by 46?
42
What is the remainder when 2252 is divided by 49?
47
Calculate the remainder when 408 is divided by 117.
57
Calculate the remainder when 1427 is divided by 42.
41
Calculate the remainder when 2044 is divided by 291.
7
What is the remainder when 141 is divided by 18?
15
Calculate the remainder when 218 is divided by 50.
18
Calculate the remainder when 361 is divided by 123.
115
Calculate the remainder when 60 is divided by 34.
26
Calculate the remainder when 194 is divided by 5.
4
Calculate the remainder when 470 is divided by 59.
57
Calculate the remainder when 8102 is divided by 44.
6
What is the remainder when 2224 is divided by 157?
26
What is the remainder when 94 is divided by 25?
19
Calculate the remainder when 628 is divided by 100.
28
Calculate the remainder when 744 is divided by 4.
0
Calculate the remainder when 174 is divided by 9.
3
Calculate the remainder when 23 is divided by 17.
6
Calculate the remainder when 432 is divided by 2.
0
What is the remainder when 300 is divided by 64?
44
Calculate the remainder when 49895 is divided by 61.
58
What is the remainder when 3511 is divided by 12?
7
Calculate the remainder when 105 is divided by 18.
15
What is the remainder when 2304 is divided by 21?
15
Calculate the remainder when 17 is divided by 8.
1
What is the remainder when 1797 is divided by 62?
61
What is the remainder when 562 is divided by 80?
2
What is the remainder when 77 is divided by 13?
12
What is the remainder when 2111 is divided by 66?
65
Calculate the remainder when 1659 is divided by 37.
31
Calculate the re